07 - 116. Give s(w).
-16
Let u(w) = -21*w**3 + 3*w**2 + 9. Let b(q) = 42*q**3 - 7*q**2 - 20. Let d(z) = 4*b(z) + 9*u(z). What is d(1)?
-21
Let m(b) = 7*b**2 + 4*b - 1. Let h(q) = -43*q**2 - 36*q - 72. Let u(v) = h(v) + 6*m(v). Give u(-5).
-43
Suppose -61*g - 1257 = -255*g - 93. Let h(u) = -u**2 - 2*u + 3. Let w be h(-3). Let i(m) = 1 + m**2 - g - m + w*m**2 + 3. What is i(3)?
4
Let y(c) = -4*c**2 - c**3 + 12 - 5 - 5 + 1 + c. Let w be 465/(-62)*(-4)/(-6). Calculate y(w).
23
Suppose -3*o = -8*y + 9*y - 13, 7*o - 4*y = 43. Let q(l) = l**3 - 4*l**2 - 11*l - 7. What is q(o)?
-37
Let u(r) = -28*r + 110. Let s be u(4). Let i be s - (-8)/((-64)/(-8)). Let x(f) = -3*f + 2. Calculate x(i).
5
Let w(a) be the second derivative of -a**4/12 + 43*a**3/6 - 305*a**2/2 + 709*a. Determine w(34).
1
Let n(b) = b**2 - 8*b + 10. Suppose 0 = -w + 2*k, 0*w + 3*w - 25 = k. Suppose 338*v - 382*v = -1848. Suppose 0*c - 5*c = 4*l - v, w = 5*c. Give n(l).
10
Let s(k) be the first derivative of -19*k**2/2 - k - 11837. Calculate s(5).
-96
Let r(f) = 4*f**2 + 82*f + 36. Let m be r(-20). Let n(o) = -o**2 - 12*o - 28. Give n(m).
4
Let p(s) = s**3 - 4*s**2 + 8*s - 15. Let u(r) = r**3 + r**2 + 5*r - 9. Let x(l) = 3*p(l) - 5*u(l). What is x(-7)?
-140
Let n(t) = 1. Let x(k) = 2*k + 15. Let u be (-5)/(-15)*0/1. Suppose u = 2*q + 5*h - 8, -2*h + 8 = -4*q - 0*h. Let j(p) = q*x(p) + 6*n(p). Give j(-6).
3
Let m(h) = 5. Let i(c) = -c - 1. Suppose 0 = 29*s - 31*s + 2. Let d(x) = s*m(x) + 6*i(x). Calculate d(-1).
5
Let a be (-27)/(-18) + (-15)/(-6). Suppose 2*t + t = w, 0 = 2*w - a*t. Suppose -12 = 3*z - 2*m - 0*m, w = -2*z + 2*m - 10. Let c(l) = -2*l + 1. Calculate c(z).
5
Let b(v) = -4*v - 11. Let z(j) = -j. Let m(n) = b(n) - 5*z(n). Let q = 250 + -195. Suppose -71 - q = -21*f. Calculate m(f).
-5
Suppose -h + 107*i + 4 = 108*i, -2*i - 8 = -2*h. Let s(m) = m**3 - 4*m**2 - 2*m - 7. Give s(h).
-15
Let m be 5*(4 + 1 + -4). Let k(x) = 7*x + 19. Let c(t) = 100*t + 265. Let i(q) = -6*c(q) + 85*k(q). Give i(m).
0
Let p(i) = i + 8*i + 3*i - 8*i - 7*i. Let f = -2 + -1. What is p(f)?
9
Let u(a) be the first derivative of 2*a**3/3 - 7*a**2 - 2*a - 9231. Calculate u(6).
-14
Let n(v) be the second derivative of -v**5/20 + 4*v**4/3 + 35*v**3/6 + 27*v**2/2 + 1725*v. Give n(18).
9
Let p(b) = b**3 - 2*b**2 - 20*b - 16. Let i be p(6). Let m(s) = s**3 - 10*s**2 + 15*s + 11. Calculate m(i).
3
Let q be 4/(-6)*7/((-7)/3). Let w(s) = 5*s + s**2 - 6*s - 2 + 5 + 0*s**q. What is w(-3)?
15
Let l(p) = -927*p - 175. Let m(r) = -1111*r - 176. Let x(t) = 6*l(t) - 5*m(t). Calculate x(-28).
26
Let x(h) = -15 + 13*h + 68 - 27 - 24. Let s be -4 - (-6)/(-1 + 4). Give x(s).
-24
Let v = 141 - 134. Suppose v*s = -260 + 197. Let q(i) = -i - 6. Calculate q(s).
3
Let y(s) = -80 - 4 - 13*s + 9*s + 7*s. Let x be y(27). Let c(b) = 3*b**2 - b - 3. Give c(x).
27
Let z(a) = -a**2 + 2*a + 2. Let o(d) = 4*d + 30. Let u be (6/9)/((-2)/24). Let y be o(u). Calculate z(y).
-6
Let x(p) be the second derivative of p**5/20 + p**4/4 - p**3/3 + 5*p**2/2 + 72*p + 10. Calculate x(-6).
-91
Let u(t) = -3*t**3 - 14*t**2 - 12*t - 21. Let r(s) = -4*s**3 - 16*s**2 - 15*s - 28. Let j(d) = 4*r(d) - 5*u(d). Give j(6).
-7
Let d be (-1)/(1 - 8/9). Let t = d + 4. Let k(z) = -2*z**2 + 5*z + 8. Let n(j) = -5*j**2 + 10*j + 17. Let c(h) = 7*k(h) - 3*n(h). Determine c(t).
5
Let l = -140 - -143. Let a(s) = -6*s - 39*s**2 + 13*s + 38*s**2 + 2*s + l*s. Give a(12).
0
Let b(q) = 2*q**3 - 63*q**2 + 30*q + 37. Let m be b(31). Let s(f) = 2*f - 14. Let x(c) = -c + 7. Let k(g) = 3*s(g) + 7*x(g). Give k(m).
1
Let b(p) = p + 5. Let v(r) = r + 4. Let o(w) = 6*b(w) - 7*v(w). Let s(c) = -6*c + 6. Let g(q) = 4*o(q) - s(q). What is g(-5)?
-8
Let q(f) be the third derivative of f**6/360 - f**5/30 + 7*f**4/24 + 32*f**3/3 + 209*f**2. Let i(l) be the first derivative of q(l). Give i(3).
4
Let d(h) = 3 - h + 2 - 4. Let o(z) = z - 10. Let m(y) = -4*y + 29. Let q(g) = 3*m(g) + 8*o(g). Let t(b) = -3*d(b) + q(b). Calculate t(-5).
9
Let v(f) = -15*f**2 - f - 1. Let a(x) = -77*x**2 - 6*x - 14. Let c(j) = a(j) - 5*v(j). Calculate c(6).
-87
Let s(f) = 5*f - f**2 + 0*f - 7 - 5 + 19. Let b = 213 - 172. Let g = b - 35. Give s(g).
1
Suppose 9*v - 4167 - 12285 = 0. Let n(t) = -v*t + 1813*t + 1 + 2 - 5. What is n(-1)?
13
Let b = 210 - 199. Let z(v) = 12*v**3 - 1 + 6*v**2 - b*v**3 - 11*v + 15*v. Let y be (-19)/4 + (-1)/4. What is z(y)?
4
Suppose 6*x - 7*x - 21 = -k, 4*k = 2*x + 82. Let s(j) = -j**3 + 21*j**2 - 24*j + 79. What is s(k)?
-1
Let i be (2/(-6))/(4/(-60)) + (-268)/(-134). Let c(j) = 26*j - 180. Determine c(i).
2
Let j(f) be the third derivative of f**6/120 + 4*f**5/15 - 2*f**4/3 + 11*f**3/3 + f**2. Suppose -2*p - 5*y - 34 = 0, 2*y + 10 = -p - 7. Determine j(p).
5
Suppose 198 = 6*u + 3*u. Let l(x) = -u*x - 18*x + 42*x + 4. Calculate l(3).
10
Let n(d) = 2*d**2 - d + 2. Suppose 297 = 10*c - 3. Let j be 3/(c/12 + -4). What is n(j)?
12
Let a(t) = 9*t - 5. Let w be a(2). Let b(o) = -o**3 + 12*o**2 + 16*o - 29. Give b(w).
10
Let q(x) = 1 + 1280*x**2 - 1177*x**2 - 18*x + 17*x. Give q(-1).
105
Let r = 30843 - 30837. Let l(c) = c**2 - 7*c + 6. Determine l(r).
0
Let q(i) = 5*i**3 + 8*i**2 - 10*i. Let a(t) = -7*t**3 - 6*t**2 + 8*t - 2. Let h(k) = -3*a(k) - 4*q(k). Determine h(13).
45
Let j be (-19)/(-5) + 16/(-20). Suppose 4 = -3*r + a, -j*a - 3 = -4*r - 10. Let t(w) = -9*w**2 + 0 - 1 - w**2 - w. Give t(r).
-10
Let k(a) be the first derivative of -11*a**2 - 130*a + 5527. Determine k(-6).
2
Let b(h) be the first derivative of 9*h**7/280 - h**5/120 - h**4/24 - 244*h**3/3 - 212. Let i(t) be the third derivative of b(t). Calculate i(-1).
-27
Let r(u) = u**2 - 5*u - 3. Let h be ((-72)/(-60))/(2/1355). Suppose 3*l = 4*d - h, 5*d - 2*l = 1278 - 260. Let n be 3/4 + d/48. Calculate r(n).
-3
Let w(r) = r**3 - 3*r**2 - 3*r - 25. Suppose 5*c - 2*o = 25, -9*c + 29 = -2*o - 16. Calculate w(c).
10
Let j(q) = q**2 + 4*q - 5. Let c be -13 - (3 + 4 + (-78)/6). Calculate j(c).
16
Let h(d) = -3*d**3 + 100*d**2 - 43*d + 20. Let t(l) = 2*l**3 - 64*l**2 + 28*l - 14. Let u(x) = -5*h(x) - 8*t(x). What is u(12)?
-96
Suppose 2*q = -3*v + 3 - 8, 0 = -5*q + 5*v + 50. Let u(f) be the first derivative of 7*f + 8 - 1/3*f**3 + 1/2*f**2. What is u(q)?
-13
Let h(c) be the first derivative of c**6/120 + c**5/20 - c**4/8 + c**3/2 + 58*c**2 + 9. Let o(t) be the second derivative of h(t). Give o(2).
17
Let r(h) = h**2 - 9*h + 6. Suppose -5*s + 2*j = -0 - 20, -5*s = j - 35. Suppose -5*v - 17 = -s*v. Suppose 5*z = 3*z - 3*x - 3, -2*z + x = -v. What is r(z)?
-12
Let g(o) = -o**2 - 2*o + 11. Let j = 2054 + -2054. Give g(j).
11
Let d(c) = 21*c**3 + c**2 - 1. Suppose 10 = -0*g + 2*g. Suppose -4*o = 4, -g*o = 2*t - 0*o + 1. Suppose -24*k = -22*k + t. Calculate d(k).
-21
Let w(b) = 12*b**2 + 271 + 390 + b**3 - 658 - 14*b. Let y be 1/2*0 - 13. Give w(y).
16
Let y(d) = -d**3 - 53*d**2 - 609*d + 111. Let v be y(-36). Let t(u) = u**3 + u**2 - 9*u - 2. Determine t(v).
7
Let k(z) = 77*z**2 + 523*z - 112. Let y be k(-7). Let u(m) = -76*m - 5. Calculate u(y).
-5
Let o be (0 - -1)*-88*(-24)/32. Let c(j) = 26*j**3 - o*j**2 + 131*j**2 - 64*j**2 - 1. Give c(-1).
-26
Let q(r) = -5*r + 3. Suppose -9*m - 2840 = -4*m. Let j be m/(-6) + 2 - 18/27. Let o = 98 - j. Calculate q(o).
-7
Let y = 8490 - 8475. Let t(u) = u**3 - 17*u**2 + 28*u - 9. What is t(y)?
-39
Let y(p) = -571*p - 591. Let n(o) = -311*o - 296. Let m(t) = -11*n(t) + 6*y(t). Calculate m(-58).
0
Let a be 124/(-16) - 1/4. Let t(p) = p**3 + 17*p**2 - 3*p + 12. Let m(v) = -2*v**2 - v - 1. Let l(w) = -5*m(w) - t(w). Give l(a).
-7
Let p(y) = -y**2 - 3*y + 3. Let i(f) = -326*f**3 - 1 + 2*f**2 + 0 + 324*f**3. Let b be i(-1). Let c be (1 + b/(-15))/((-2)/10). Determine p(c).
-1
Suppose v - 14 = -2*q, -16 = 2*q - 6*q + v. Let d(y) = 6 + 4*y - 2*y + 2*y. Let k(t) = -3*t - 5. Let a(j) = q*k(j) + 4*d(j). Determine a(6).
5
Let k(y) = -14*y - 6. Let x = 35473 + -35473. Determine k(x).
-6
Let m(f) = -2*f**3 - 5*f**2 - f + 2. Let w be 0 - 66*(-4)/(-8). Let v = 49 + w. Let l = v - 19. What is m(l)?
14
Let h = 5135 + -5132. Let b(l) = 4*l**2 - 17*l + 7. Calculate b(h).
-8
Suppose -7*m + 6*m - 6 = 0. Suppose -q + 21 = -2*z, 0 = -2*q - q + 3*z + 57. Let j(t) = -q*t + 48*t - 18*t - 12*t. What is j(m)?
-6
Let r(h) = -h**2 